der when 82210 is divided by 5404?
1150
Calculate the remainder when 38596695 is divided by 357.
354
Calculate the remainder when 12913230 is divided by 241.
209
Calculate the remainder when 17679310 is divided by 978.
4
Calculate the remainder when 225973 is divided by 13285.
128
Calculate the remainder when 556982 is divided by 92737.
560
What is the remainder when 25926517 is divided by 1994346?
19
What is the remainder when 142822272 is divided by 282?
270
What is the remainder when 204070 is divided by 611?
607
What is the remainder when 1072080 is divided by 145?
95
Calculate the remainder when 1728 is divided by 1603.
125
What is the remainder when 1514600 is divided by 494?
490
What is the remainder when 1101180 is divided by 84705?
15
What is the remainder when 9995274 is divided by 624704?
10
What is the remainder when 43678 is divided by 9269?
6602
What is the remainder when 30514872 is divided by 643?
21
Calculate the remainder when 13196 is divided by 1990.
1256
What is the remainder when 54872933 is divided by 43?
31
Calculate the remainder when 425404 is divided by 425376.
28
What is the remainder when 20857621 is divided by 5622?
1
Calculate the remainder when 19080880 is divided by 19.
16
What is the remainder when 1980761 is divided by 56?
41
What is the remainder when 15558560 is divided by 7779270?
20
Calculate the remainder when 45813 is divided by 249.
246
What is the remainder when 560463 is divided by 186589?
696
Calculate the remainder when 2624781 is divided by 229.
212
What is the remainder when 6129586 is divided by 161?
155
Calculate the remainder when 542218 is divided by 3286.
28
Calculate the remainder when 252350 is divided by 1829.
1777
Calculate the remainder when 692737 is divided by 1056.
1
Calculate the remainder when 359901674 is divided by 23.
20
What is the remainder when 191745 is divided by 47911?
101
What is the remainder when 486552 is divided by 79890?
7212
What is the remainder when 17565424 is divided by 183?
169
Calculate the remainder when 292271 is divided by 949.
928
What is the remainder when 5897736 is divided by 77?
75
What is the remainder when 36200317 is divided by 111?
109
Calculate the remainder when 297435 is divided by 9013.
6
Calculate the remainder when 193659 is divided by 7172.
15
Calculate the remainder when 10582710 is divided by 216.
6
What is the remainder when 51720898 is divided by 605?
53
What is the remainder when 17842787 is divided by 15?
2
What is the remainder when 1856027 is divided by 2808?
2747
What is the remainder when 35534511 is divided by 1118?
1117
What is the remainder when 20976919 is divided by 604?
603
What is the remainder when 106867 is divided by 1362?
631
Calculate the remainder when 2906727 is divided by 72.
15
What is the remainder when 38031 is divided by 2313?
1023
Calculate the remainder when 5710385 is divided by 2.
1
What is the remainder when 820979 is divided by 37316?
27
What is the remainder when 690824 is divided by 11321?
243
What is the remainder when 11574358 is divided by 1929042?
106
Calculate the remainder when 1850220 is divided by 925080.
60
What is the remainder when 5693901 is divided by 308?
213
What is the remainder when 9187406 is divided by 917?
900
What is the remainder when 973448 is divided by 396?
80
Calculate the remainder when 1025033462 is divided by 2782.
2780
What is the remainder when 453206 is divided by 450?
56
What is the remainder when 1461935 is divided by 365470?
55
What is the remainder when 62872472 is divided by 500?
472
What is the remainder when 961855 is divided by 1440?
1375
Calculate the remainder when 82358 is divided by 461.
300
What is the remainder when 4033064 is divided by 145?
34
Calculate the remainder when 10835462 is divided by 177629.
93
Calculate the remainder when 39887 is divided by 112.
15
What is the remainder when 988286 is divided by 1426?
68
Calculate the remainder when 527926101 is divided by 5794.
5791
Calculate the remainder when 1806416 is divided by 174.
122
Calculate the remainder when 55532 is divided by 13772.
444
Calculate the remainder when 104409 is divided by 1044.
9
Calculate the remainder when 37323 is divided by 18.
9
Calculate the remainder when 1236162 is divided by 476.
466
Calculate the remainder when 256020 is divided by 8524.
300
What is the remainder when 113721 is divided by 28400?
121
Calculate the remainder when 283888 is divided by 1689.
136
Calculate the remainder when 3348946 is divided by 1026.
82
What is the remainder when 13708055 is divided by 150?
5
What is the remainder when 166560 is divided by 1912?
216
What is the remainder when 11501792 is divided by 5750888?
16
Calculate the remainder when 8760616 is divided by 7705.
31
What is the remainder when 3997952 is divided by 1332643?
23
What is the remainder when 1492317 is divided by 186440?
797
What is the remainder when 220815 is divided by 27502?
799
What is the remainder when 18848609 is divided by 395?
394
What is the remainder when 2357330 is divided by 606?
596
Calculate the remainder when 529116 is divided by 528981.
135
Calculate the remainder when 6439306 is divided by 25.
6
What is the remainder when 719288 is divided by 14248?
6888
What is the remainder when 802769 is divided by 5461?
2
What is the remainder when 288896 is divided by 132?
80
What is the remainder when 19448242 is divided by 12?
10
Calculate the remainder when 1442402 is divided by 1197.
17
What is the remainder when 26576392 is divided by 2157?
2152
Calculate the remainder when 216003 is divided by 9783.
777
What is the remainder when 86291 is divided by 41121?
4049
What is the remainder when 2728329 is divided by 4?
1
What is the remainder when 28378589 is divided by 2364871?
137
What is the remainder when 482129 is divided by 2010?
1739
Calculate the remainder when 26418 is divided by 2220.
1998
Calculate the remainder when 61508 is divided by 61275.
233
What is the remainder when 25745719 is divided by 61?
59
Calculate the remainder when 225841 is divided by 172.
5
What is the remainder when 9538142 is divided by 199?
72
Calculate the remainder when 32795155 is divided by 315338.
3
Calculate the remainder when 289252 is divided by 5262.
5104
Calculate the remainder when 52142 is divided by 15000.
7142
What is the remainder when 14098682 is divided by 4699514?
140
Calculate the remainder when 288653 is divided by 35761.
2565
Calculate the remainder when 14016835 is divided by 3504111.
391
What is the remainder when 2180534 is divided by 554?
544
What is the remainder when 5749331 is divided by 4581?
176
Calculate the remainder when 14444972 is divided by 14.
10
What is the remainder when 2274143 is divided by 59?
47
Calculate the remainder when 35605984 is divided by 44.
40
What is the remainder when 29966235 is divided by 231?
222
Calculate the remainder when 48852500 is divided by 33392.
4
Calculate the remainder when 3552346 is divided by 1115.
1071
What is the remainder when 464725 is divided by 1223?
1208
Calculate the remainder when 3038222 is divided by 759554.
6
What is the remainder when 1374452 is divided by 196337?
93
What is the remainder when 1433197 is divided by 1064?
1053
Calculate the remainder when 3180453 is divided by 73964.
1
What is the remainder when 3106338 is divided by 162?
150
What is the remainder when 469553122 is divided by 51?
49
Calculate the remainder when 151952 is divided by 3332.
2012
Calculate the remainder when 1266061 is divided by 820.
801
Calculate the remainder when 2155700 is divided by 53.
31
What is the remainder when 130352 is divided by 54?
50
Calculate the remainder when 17863778 is divided by 220.
218
What is the remainder when 19509069 is divided by 2797?
2791
Calculate the remainder when 34567491 is divided by 454835.
31
Calculate the remainder when 476725 is divided by 247.
15
What is the remainder when 3134520 is divided by 6?
0
What is the remainder when 253705 is divided by 16909?
70
What is the remainder when 372772 is divided by 37267?
102
What is the remainder when 19352 is divided by 285?
257
What is the remainder when 2801588 is divided by 933855?
23
What is the remainder when 520080 is divided by 2364?
0
Calculate the remainder when 3198210 is divided by 